3?
3
What is the hundred thousands digit of 627721?
6
What is the ten thousands digit of 926738?
2
What is the units digit of 47323?
3
What is the thousands digit of 4210028?
0
What is the ten thousands digit of 624103?
2
What is the hundreds digit of 2312?
3
What is the hundreds digit of 21202447?
4
What is the hundreds digit of 1542263?
2
What is the hundred thousands digit of 852829?
8
What is the millions digit of 1248925?
1
What is the units digit of 7120480?
0
What is the tens digit of 18548386?
8
What is the units digit of 300920?
0
What is the ten thousands digit of 77992?
7
What is the units digit of 1068290?
0
What is the units digit of 5068099?
9
What is the tens digit of 268678?
7
What is the units digit of 8437751?
1
What is the hundreds digit of 1720277?
2
What is the hundreds digit of 83093?
0
What is the hundreds digit of 14724044?
0
What is the tens digit of 38435062?
6
What is the units digit of 180533?
3
What is the tens digit of 7746361?
6
What is the tens digit of 220188?
8
What is the hundreds digit of 1537299?
2
What is the hundred thousands digit of 1475973?
4
What is the tens digit of 542534?
3
What is the ten thousands digit of 316901?
1
What is the hundred thousands digit of 382292?
3
What is the tens digit of 202162?
6
What is the hundred thousands digit of 5704334?
7
What is the thousands digit of 1147677?
7
What is the ten thousands digit of 187903?
8
What is the hundreds digit of 3026811?
8
What is the thousands digit of 2045524?
5
What is the thousands digit of 165964?
5
What is the tens digit of 34673537?
3
What is the thousands digit of 447825?
7
What is the hundred thousands digit of 2866964?
8
What is the hundreds digit of 2636579?
5
What is the units digit of 6855128?
8
What is the ten thousands digit of 5800414?
0
What is the ten thousands digit of 540439?
4
What is the millions digit of 4584259?
4
What is the units digit of 8401808?
8
What is the ten thousands digit of 3253775?
5
What is the thousands digit of 1460132?
0
What is the millions digit of 1249051?
1
What is the thousands digit of 435552?
5
What is the ten thousands digit of 212207?
1
What is the hundred thousands digit of 9863106?
8
What is the millions digit of 2265935?
2
What is the ten thousands digit of 432274?
3
What is the hundreds digit of 41717220?
2
What is the ten thousands digit of 1084812?
8
What is the tens digit of 933683?
8
What is the units digit of 262722?
2
What is the hundred thousands digit of 123151?
1
What is the hundreds digit of 19315312?
3
What is the thousands digit of 871092?
1
What is the ten thousands digit of 162567?
6
What is the hundreds digit of 386210?
2
What is the hundreds digit of 13641238?
2
What is the hundreds digit of 746643?
6
What is the ten thousands digit of 835548?
3
What is the tens digit of 242970?
7
What is the hundred thousands digit of 2628199?
6
What is the units digit of 140956?
6
What is the thousands digit of 2040403?
0
What is the hundred thousands digit of 558158?
5
What is the ten millions digit of 20159477?
2
What is the millions digit of 3245863?
3
What is the hundreds digit of 2544377?
3
What is the tens digit of 10131376?
7
What is the units digit of 8442139?
9
What is the tens digit of 914631?
3
What is the thousands digit of 653991?
3
What is the thousands digit of 480373?
0
What is the units digit of 2689558?
8
What is the tens digit of 1364332?
3
What is the hundreds digit of 224348?
3
What is the ten thousands digit of 1537947?
3
What is the hundreds digit of 3722912?
9
What is the ten thousands digit of 1035569?
3
What is the units digit of 36455276?
6
What is the hundred thousands digit of 5362752?
3
What is the units digit of 280911?
1
What is the tens digit of 1534002?
0
What is the hundred thousands digit of 3739307?
7
What is the units digit of 651978?
8
What is the tens digit of 1448314?
1
What is the tens digit of 25036?
3
What is the thousands digit of 6701881?
1
What is the tens digit of 518879?
7
What is the ten thousands digit of 3135210?
3
What is the tens digit of 14354136?
3
What is the units digit of 2528370?
0
What is the millions digit of 2998824?
2
What is the hundreds digit of 470436?
4
What is the tens digit of 395423?
2
What is the hundreds digit of 1881286?
2
What is the thousands digit of 24336829?
6
What is the units digit of 5999939?
9
What is the thousands digit of 7025604?
5
What is the thousands digit of 4514876?
4
What is the tens digit of 820106?
0
What is the hundreds digit of 1099434?
4
What is the tens digit of 355242?
4
What is the units digit of 133380?
0
What is the hundred thousands digit of 713442?
7
What is the hundreds digit of 2206178?
1
What is the thousands digit of 1446372?
6
What is the millions digit of 11732821?
1
What is the tens digit of 175493?
9
What is the units digit of 196215?
5
What is the thousands digit of 4185561?
5
What is the thousands digit of 1340851?
0
What is the hundreds digit of 7969729?
7
What is the ten thousands digit of 701987?
0
What is the thousands digit of 10076343?
6
What is the ten thousands digit of 5321826?
2
What is the hundred thousands digit of 7137998?
1
What is the hundreds digit of 124549?
5
What is the tens digit of 647712?
1
What is the units digit of 697590?
0
What is the thousands digit of 317405?
7
What is the hundred thousands digit of 518091?
5
What is the hundreds digit of 339060?
0
What is the hundred thousands digit of 5233616?
2
What is the thousands digit of 152805?
2
What is the hundred thousands digit of 1903005?
9
What is the ten thousands digit of 645011?
4
What is the units digit of 297306?
6
What is the tens digit of 157187?
8
What is the hundred thousands digit of 500589?
5
What is the units digit of 4329799?
9
What is the thousands digit of 278213?
8
What is the millions digit of 36403913?
6
What is the thousands digit of 596323?
6
What is the hundreds digit of 580036?
0
What is the hundreds digit of 1029695?
6
What is the units digit of 626194?
4
What is the tens digit of 145681?
8
What is the units digit of 4065373?
3
What is the ten thousands digit of 111044?
1
What is the thousands digit of 424846?
4
What is the tens digit of 28574?
7
What is the ten thousands digit of 1986877?
8
What is the units digit of 3664711?
1
What is the millions digit of 1627276?
1
What is the hundreds digit of 3136942?
9
What is the ten thousands digit of 16244564?
4
What is the tens digit of 471848?
4
What is the thousands digit of 663884?
3
What is the ten millions digit of 36342985?
3
What is the tens digit of 11452951?
5
What is the hundreds digit of 60770?
7
What is the units digit of 183490?
0
What is the hundreds digit of 459248?
2
What is the units digit of 165851?
1
What is the ten millions digit of 19666177?
1
What is the thousands digit of 4742115?
2
What is the units digit of 945578?
8
What is the units digit of 1982118?
8
What is the ten thousands digit of 60711?
6
What is the thousands digit of 3497943?
7
What is the tens digit of 8873788?
8
What is the hundreds digit of 4335465?
4
What is the tens digit of 1387893?
9
What is the thousands digit of 1926896?
6
What is the millions digit of 6088183?
6
What is the tens digit of 381513?
1
What is the thousands digit of 1917007?
7
What is the thousands digit of 2258774?
8
What is the tens digit of 2816586?
8
What is the ten thousands digit of 1505325?
0
What is the thousands digit of 937860?
7
What is the tens digit of 2764436?
3
What is the hundreds digit of 1175769?
7
What is the tens digit of 2146126?
2
What is the units digit of 671663?
3
What is the hundreds digit of 204217?
2
What is the thousands digit of 1111907?
1
What is the millions digit of 6958614?
6
What is the millions digit of 10355501?
0
What is the hundred thousands digit of 497504?
4
What is the tens digit of 172265?
6
What is the hundreds digit of 1448481?
4
What is the hundred thousands digit of 21210492?
2
What is the hundred thousands digit of 8266506?
2
What is the ten thousands digit of 767475?
6
What is the tens digit of 153609?
0
What is the tens digit of 285857?
5
What is the ten thousands digit of 238953?
3
What is the hundred thousands digit of 366190?
3
What is the thousands digit of 254439?
4
What is the thousands digit of 5648421?
8
What is the uni